2)?
62
Let l(y) = -2*y**2 + 4*y - 3. Give l(3).
-9
Let o(q) = 7*q + 8. Calculate o(-3).
-13
Let u(d) = -40*d - 8. Determine u(1).
-48
Let n(t) = -7*t - 65. Determine n(-10).
5
Let v(n) = n**2 - 2*n + 6. Determine v(0).
6
Let w(p) = -p**2 - 5*p - 4. Determine w(-1).
0
Let r(l) = -17*l - 3. What is r(-2)?
31
Let t(i) = -i**3 - 8*i**2 + 7. Give t(-8).
7
Let j(b) = -29*b**2 + 2*b + 1. What is j(2)?
-111
Let c(w) = -16*w + 19. Determine c(1).
3
Let h(c) = -c**2 - 59*c - 108. What is h(-57)?
6
Let z(a) = 2*a**2 - 4*a + 6. Give z(2).
6
Let d(z) = 3*z + 12. Calculate d(-6).
-6
Let c(x) = -2*x**2 - 9*x. Give c(-7).
-35
Let d(s) = -s**2 - 13*s + 19. Calculate d(-13).
19
Let d(k) = 6*k**3 + 2*k**2 - 2*k. What is d(-2)?
-36
Let x(v) = -20*v + 70. Give x(4).
-10
Let t(d) = -2*d + 5. What is t(-4)?
13
Let r(d) = -15*d**3 + d**2 - d - 2. Give r(-1).
15
Let t(v) = v - 33. Calculate t(-13).
-46
Let d(h) = 9*h**2 + 2*h - 2. Calculate d(-2).
30
Let h(r) = -r**3 - 16*r**2 + 34*r - 39. What is h(-18)?
-3
Let a(l) = -l**3 + 12*l**2 - 6*l - 51. Give a(11).
4
Let d(l) = -l**3 + 5*l**2 + 11*l + 2. Calculate d(6).
32
Let h(w) = w**3 + 4*w**2 + 2*w - 3. What is h(-3)?
0
Let v(h) = 2*h**3 - 43*h**2 + 23*h - 39. What is v(21)?
3
Let a(s) = -76*s + 612. What is a(8)?
4
Let l(g) = -6*g**2 - 53*g + 22. Determine l(-9).
13
Let x(v) = -v - 1. Determine x(-11).
10
Let o(x) = -x**3 + 12*x**2 + 2*x + 11. Give o(12).
35
Let b(x) = 2*x**3 + 65*x**2 + 32*x - 8. Calculate b(-32).
-8
Let a(k) = -k + 19. Calculate a(14).
5
Let b(d) = d**3 - 22*d**2 - 22*d - 15. What is b(23)?
8
Let j(v) = v**3 - 7*v**2 - 7*v - 6. What is j(4)?
-82
Let f(a) = 20*a - 55. What is f(3)?
5
Let h(z) = z**3 - 21*z**2 + 19*z + 13. Calculate h(20).
-7
Let i(p) = p**2 + 4*p - 17. Give i(-5).
-12
Let v(f) = f**3 - 3*f**2 - 20*f - 1. Give v(6).
-13
Let z(p) = -13*p**2 + 43*p - 4. Give z(4).
-40
Let w(c) = -c**3 + 12*c**2 + 8*c + 60. What is w(13)?
-5
Let j(b) = 2*b + 4. Determine j(-3).
-2
Let z(p) = 9*p + 3. Give z(2).
21
Let g(v) = -9*v + 33. Calculate g(4).
-3
Let n(u) = 5*u + 74. What is n(-14)?
4
Let y(z) = -z**3 - 14*z**2 - z - 19. What is y(-14)?
-5
Let k(l) = 2*l**2 + 14*l + 12. What is k(-11)?
100
Let f(c) = 5*c + 9. Determine f(-4).
-11
Let o(b) = b**3 - b**2 - b - 10. Give o(3).
5
Let n(s) = 5*s - 7. Determine n(3).
8
Let l(b) = b**2 + 28*b - 83. What is l(3)?
10
Let r(o) = -o**3 + 11*o**2 + 7*o - 3. Calculate r(11).
74
Let r(f) = f**2 + f + 5. Determine r(-2).
7
Let i(u) = -u**2. Calculate i(1).
-1
Let u(d) = d**2 + 3*d - 13. Give u(0).
-13
Let t(l) = -4*l**3 - 23*l**2 + 5*l - 12. Calculate t(-6).
-6
Let b(n) = -n**3 + 6*n**2 + 4*n - 11. What is b(6)?
13
Let x(u) = -7*u**3 + 2*u - 2. What is x(2)?
-54
Let x(u) = -u**2 + 5*u. What is x(4)?
4
Let t(y) = -y**2 + 18*y - 1. Give t(19).
-20
Let k(j) = j**2 - 3*j - 71. Calculate k(-7).
-1
Let b(h) = h**2 - 12*h + 13. What is b(12)?
13
Let u(c) = -2*c**3 + 4*c**2 - 2. Determine u(-1).
4
Let u(s) = -s**2 - s. Calculate u(3).
-12
Let a(f) = -f**3 - 7*f**2 + 6*f - 10. Determine a(-8).
6
Let m(d) = 2*d + 1. Determine m(11).
23
Let x(c) = 5*c - 87. What is x(26)?
43
Let n(l) = -l**2 + 8. What is n(4)?
-8
Let j(c) = -c**3 - 12*c**2 - 42*c - 14. Determine j(-6).
22
Let u(l) = 4*l - 33. Determine u(9).
3
Let n(a) = -9*a + 11. What is n(2)?
-7
Let i(j) = -j**3 + j**2 + j - 7. Determine i(0).
-7
Let p(c) = 5*c**2 - 4*c + 5. Calculate p(2).
17
Let l(o) = -5*o - 6. Calculate l(-1).
-1
Let r(y) = -4*y + 5. Give r(-5).
25
Let f(j) = -j**2 - 14*j - 12. Determine f(-12).
12
Let s(w) = -w**3 - 3*w**2 - 4*w - 2. Determine s(-3).
10
Let s(f) = 2*f**2 + 13*f + 9. Calculate s(-5).
-6
Let y(o) = o**3 - 5*o**2 - 7*o + 7. Calculate y(6).
1
Let k(p) = -2*p + 1. Determine k(5).
-9
Let j(x) = -3*x**2 - 8*x - 3. Give j(-2).
1
Let c(o) = 8*o - 4. Give c(1).
4
Let j(f) = -f**3 - 5*f**2 + 25*f + 10. Determine j(-8).
2
Let t(i) = -88*i + 260. What is t(3)?
-4
Let z(q) = -3*q - 2. Calculate z(-5).
13
Let x(g) = 5*g + 235. Give x(-43).
20
Let g(a) = 6*a + 5. Determine g(-5).
-25
Let a(f) = -21*f + 767. What is a(36)?
11
Let j(n) = n**2 + n. Calculate j(-5).
20
Let z(v) = v**3 - 4*v**2 + 5*v - 3. What is z(3)?
3
Let a(d) = -8*d - 1. What is a(1)?
-9
Let i(w) = 2*w + 3. What is i(8)?
19
Let q(d) = d**2 + 28*d + 115. Give q(-23).
0
Let j(g) = -11*g + 2. Give j(-2).
24
Let n(g) = g**3 + 5*g**2 + g - 7. What is n(-3)?
8
Let p(l) = l**2 + l - 23. What is p(0)?
-23
Let t(f) = f**2 - 36*f - 35. Give t(37).
2
Let z(x) = x**2 - x + 4. Give z(0).
4
Let y(m) = m**3 - 11*m**2 + 5*m - 11. What is y(9)?
-128
Let z(v) = -2*v**3 - 14*v**2 - 5*v - 2. What is z(-7)?
33
Let v(u) = -2*u**3 - 42*u**2 + 42*u - 29. Give v(-22).
15
Let s(a) = a**2 - 14. Determine s(0).
-14
Let b(k) = k**3 + 8*k**2 + 9*k + 10. What is b(-7)?
-4
Let p(i) = -i**3 + 12*i**2 - 6*i - 31. Give p(12).
-103
Let z(f) = -f**3 + 56*f**2 + 57*f - 24. What is z(57)?
-24
Let u(o) = -2*o**2 + 5*o - 5. Give u(2).
-3
Let p(r) = 33*r + 197. Determine p(-6).
-1
Let t(r) = -7*r**3 - 4*r**2 - 2*r. Give t(-2).
44
Let f(u) = -6*u - 285. Calculate f(-44).
-21
Let v(f) = f**2. What is v(0)?
0
Let m(z) = z**2 - 20*z + 4. What is m(21)?
25
Let t(y) = 7*y - 110. Give t(14).
-12
Let s(r) = -r**3 + 4*r**2 + 3*r - 4. What is s(4)?
8
Let w(d) = -d**2 - 11*d - 13. Give w(-11).
-13
Let o(m) = -3*m - 37. Give o(-8).
-13
Let l(z) = z**3 - z**2 - z + 3. Determine l(2).
5
Let i(f) = 6*f**3 - 3*f**2 + 4*f. Give i(1).
7
Let b(k) = k**3 + 6*k**2 - k + 5. Calculate b(-6).
11
Let k(n) = -16*n + 1. What is k(-1)?
17
Let d(v) = 3*v + 64. Determine d(15).
109
Let g(o) = -o**3 + 13*o**2 - 4*o + 48. What is g(13)?
-4
Let c(w) = -w**2 + w - 42. What is c(0)?
-42
Let y(o) = -o**3 - 5*o**2 - 4*o - 15. Give y(-4).
-15
Let i(b) = 2*b**2 + 15*b - 4. Calculate i(-8).
4
Let h(z) = z**3 - 24*z**2 - 23*z - 40. Determine h(25).
10
Let y(o) = -o**3 + 23*o**2 + 31*o - 42. What is y(24)?
126
Let y(d) = -d**3 - 4*d - 31. Give y(-3).
8
Let y(a) = a**2 - a - 3. Calculate y(2).
-1
Let q(w) = 8*w - 30. Calculate q(7).
26
Let h(p) = -p + 4. Give h(0).
4
Let y(d) = -d**3 + d**2 + 41*d - 79. Calculate y(2).
-1
Let x(b) = -3*b. What is x(5)?
-15
Let g(o) = -o + 3. Determine g(-2).
5
Let g(q) = q**2 + q - 3. Determine g(2).
3
Let r(u) = -10*u - 51. What is r(-5)?
-1
Let g(w) = -29*w + 29. Determine g(6).
-145
Let d(q) = -q**2 + 15*q + 72. What is d(21)?
-54
Let k(s) = 12*s - 101. Determine k(9).
7
Let a(l) = l**3 + l**2 - 4*l. What is a(-3)?
-6
Let j(f) = -4*f - 98. What is j(-26)?
6
Let w(i) = -2*i**2 - 7*i + 5. What is w(-4)?
1
Let n(q) = -q**3 + 3*q**2 - q + 1. Calculate n(3).
-2
Let z(c) = -c**2 - 35*c + 9. Give z(-35).
9
Let x(v) = 14*v - 6. What is x(1)?
8
Let c(f) = -5*f + 30. Give c(6).
0
Let x(h) = 10*h + 2. What is x(-4)?
-38
Let n(x) = x**3 + 10*x**2 + 16*x - 13. Calculate n(-8).
-13
Let b(c) = -2*c**3 + 20*c**2 + 18*c + 9. What is b(11)?
-35
Let q(i) = 4*i - 5. Calculate q(-5).
-25
Let n(a) = -17*a - 18. Determine n(-4).
50
Let w(r) = r + 16. Give w(-9).
7
Let o(g) = g**2 - g - 3. Calculate o(5).
17
Let p(k) = -2*k + 7. Calculate p(7).
-7
Let l(j) = -j**3 + 9*j**2 - 5*j - 14. What is l(8)?
10
Let d(a) = -6*a + 40. Calculate d(7).
-2
Let n(t) = -t**3 + 6*t**2 + 7*t + 14. Calculate n(7).
14
Let j(s) = s**2 + 2*s - 25. Calculate j(-8).
23
Let a(u) = u**2 - 11*u + 20. Give a(12).
32
Let k(c) = c**3 - 8*c**2 + 3*c + 9. What is k(7)?
-19
Let j(d) = 9*d - 22. Determine j(2).
-4
Let t(h) = h**2 + 15*h - 29. Determine t(-17).
5
Let g(q) = -5*q + 3. Calculate g(-1).
8
Let d(v) = v**3 - 16*v**2 + 49*v - 1. Give d(12).
11
Let c(x) = -x**2 + 3*x + 32. What is c(-9)?
-76
Let o(b) = -5*b**2 - 2*b - 2. Give o(3).
-53
Let u(r) = r**2 + 2*r - 8. What is u(-6)?
16
Let x(k) = -k**3 + 11*k**2 - 10*k - 23. What is x(9)?
49
Let i(o) = -o**3 + 9*o**2 - 3*o - 2. Calculate i(9).
-29
Let k(o) = -14*o - 145. What is k(-8)?
-33
Let k(j) = 3*j + 3. Determine k(-9).
-24
Let s(d) = -8*d + 20. Calculate s(2).
4
Let o(n) = -2*n**2 - 7*n - 4. Determine o(-4).
-8
Let o(i) = i**2 + 15*i + 12. What is o(-10)?
-38
Let u(n) = -2*n**2 + 97*n + 178. Calculate u(50).
28
Let x(m) = -m**3 + 10*m**2 - 21*m + 4. Determine x(6).
22
Let n(g) = -5*g - 245. Determine n(-44).
-25
Let r(l) = l + 10. Give r(7).
17
Let v(s) = -s**3 + 6*s**2 + 